{"id":11,"date":"2023-08-24T21:49:55","date_gmt":"2023-08-24T19:49:55","guid":{"rendered":"https:\/\/dachdeckermeister-eisold.de\/ddm-eisold\/?page_id=11"},"modified":"2026-02-04T19:51:48","modified_gmt":"2026-02-04T18:51:48","slug":"leistungen","status":"publish","type":"page","link":"https:\/\/dachdeckermeister-eisold.de\/ddm-eisold\/leistungen\/","title":{"rendered":"Leistungen"},"content":{"rendered":"\n<p><strong>W\u00e4hlen Sie Ihr Paket aus folgenden Leistungen:<\/strong><\/p>\n\n\n\n<p>&#8211; Steildach<br>&#8211; Fassade<br>&#8211; Flachdach<br>&#8211; Gr\u00fcndach<br>&#8211; Bauklempnerei<br>&#8211; Abdichtung<br>&#8211; Solarenergie<\/p>\n\n\n\n<p> Ich mache Ihnen gern ein Angebot.<\/p>\n\n\n\n<p>Um das Stellen von R\u00fcstungen werde ich mich k\u00fcmmern, wenn Sie das w\u00fcnschen.<\/p>\n\n\n\n<div style=\"height:227px\" aria-hidden=\"true\" class=\"wp-block-spacer\"><\/div>\n","protected":false},"excerpt":{"rendered":"<p>W\u00e4hlen Sie Ihr Paket aus folgenden Leistungen: &#8211; Steildach&#8211; Fassade&#8211; Flachdach&#8211; Gr\u00fcndach&#8211; Bauklempnerei&#8211; Abdichtung&#8211; Solarenergie Ich mache Ihnen gern ein Angebot. Um das Stellen von R\u00fcstungen werde ich mich k\u00fcmmern, wenn Sie das w\u00fcnschen.<\/p>\n","protected":false},"author":1,"featured_media":83,"parent":0,"menu_order":0,"comment_status":"closed","ping_status":"closed","template":"","meta":{"ngg_post_thumbnail":0,"footnotes":""},"class_list":["post-11","page","type-page","status-publish","has-post-thumbnail","hentry"],"_links":{"self":[{"href":"https:\/\/dachdeckermeister-eisold.de\/ddm-eisold\/wp-json\/wp\/v2\/pages\/11","targetHints":{"allow":["GET"]}}],"collection":[{"href":"https:\/\/dachdeckermeister-eisold.de\/ddm-eisold\/wp-json\/wp\/v2\/pages"}],"about":[{"href":"https:\/\/dachdeckermeister-eisold.de\/ddm-eisold\/wp-json\/wp\/v2\/types\/page"}],"author":[{"embeddable":true,"href":"https:\/\/dachdeckermeister-eisold.de\/ddm-eisold\/wp-json\/wp\/v2\/users\/1"}],"replies":[{"embeddable":true,"href":"https:\/\/dachdeckermeister-eisold.de\/ddm-eisold\/wp-json\/wp\/v2\/comments?post=11"}],"version-history":[{"count":13,"href":"https:\/\/dachdeckermeister-eisold.de\/ddm-eisold\/wp-json\/wp\/v2\/pages\/11\/revisions"}],"predecessor-version":[{"id":234,"href":"https:\/\/dachdeckermeister-eisold.de\/ddm-eisold\/wp-json\/wp\/v2\/pages\/11\/revisions\/234"}],"wp:featuredmedia":[{"embeddable":true,"href":"https:\/\/dachdeckermeister-eisold.de\/ddm-eisold\/wp-json\/wp\/v2\/media\/83"}],"wp:attachment":[{"href":"https:\/\/dachdeckermeister-eisold.de\/ddm-eisold\/wp-json\/wp\/v2\/media?parent=11"}],"curies":[{"name":"wp","href":"https:\/\/api.w.org\/{rel}","templated":true}]}}